{"id":395,"date":"2022-10-19T12:05:48","date_gmt":"2022-10-19T10:05:48","guid":{"rendered":"https:\/\/kalendarze-biznesowe.pl\/?page_id=395"},"modified":"2022-10-19T17:37:36","modified_gmt":"2022-10-19T15:37:36","slug":"kalendarze-ksiazkowe","status":"publish","type":"page","link":"https:\/\/kalendarze-biznesowe.pl\/?page_id=395","title":{"rendered":"Kalendarze ksi\u0105\u017ckowe"},"content":{"rendered":"\t\t<div data-elementor-type=\"wp-page\" data-elementor-id=\"395\" class=\"elementor elementor-395\" data-elementor-post-type=\"page\">\n\t\t\t\t\t\t<section class=\"elementor-section elementor-top-section elementor-element elementor-element-1595368 elementor-section-height-min-height elementor-section-boxed elementor-section-height-default elementor-section-items-middle\" data-id=\"1595368\" data-element_type=\"section\" data-settings=\"{&quot;background_background&quot;:&quot;gradient&quot;,&quot;shape_divider_bottom&quot;:&quot;waves&quot;}\">\n\t\t\t\t\t\t\t<div class=\"elementor-background-overlay\"><\/div>\n\t\t\t\t\t\t<div class=\"elementor-shape elementor-shape-bottom\" aria-hidden=\"true\" data-negative=\"false\">\n\t\t\t<svg xmlns=\"http:\/\/www.w3.org\/2000\/svg\" viewBox=\"0 0 1000 100\" preserveAspectRatio=\"none\">\n\t<path class=\"elementor-shape-fill\" d=\"M421.9,6.5c22.6-2.5,51.5,0.4,75.5,5.3c23.6,4.9,70.9,23.5,100.5,35.7c75.8,32.2,133.7,44.5,192.6,49.7\n\tc23.6,2.1,48.7,3.5,103.4-2.5c54.7-6,106.2-25.6,106.2-25.6V0H0v30.3c0,0,72,32.6,158.4,30.5c39.2-0.7,92.8-6.7,134-22.4\n\tc21.2-8.1,52.2-18.2,79.7-24.2C399.3,7.9,411.6,7.5,421.9,6.5z\"\/>\n<\/svg>\t\t<\/div>\n\t\t\t\t\t<div class=\"elementor-container elementor-column-gap-default\">\n\t\t\t\t\t<div class=\"elementor-column elementor-col-100 elementor-top-column elementor-element elementor-element-5a4f82f9\" data-id=\"5a4f82f9\" data-element_type=\"column\">\n\t\t\t<div class=\"elementor-widget-wrap elementor-element-populated\">\n\t\t\t\t\t\t<div class=\"elementor-element elementor-element-6860d91f elementor-widget elementor-widget-heading\" data-id=\"6860d91f\" data-element_type=\"widget\" data-widget_type=\"heading.default\">\n\t\t\t\t<div class=\"elementor-widget-container\">\n\t\t\t\t\t<h2 class=\"elementor-heading-title elementor-size-default\">Kalendarze <span style=\"text-align: center\">&amp;<\/span> katalogi z naszej ofery<\/h2>\t\t\t\t<\/div>\n\t\t\t\t<\/div>\n\t\t\t\t<div class=\"elementor-element elementor-element-3a22632e elementor-widget-divider--separator-type-pattern elementor-widget-divider--view-line elementor-widget elementor-widget-divider\" data-id=\"3a22632e\" data-element_type=\"widget\" data-widget_type=\"divider.default\">\n\t\t\t\t<div class=\"elementor-widget-container\">\n\t\t\t\t\t\t\t<div class=\"elementor-divider\" style=\"--divider-pattern-url: url(&quot;data:image\/svg+xml,%3Csvg xmlns=&#039;http:\/\/www.w3.org\/2000\/svg&#039; preserveAspectRatio=&#039;none&#039; overflow=&#039;visible&#039; height=&#039;100%&#039; viewBox=&#039;0 0 24 24&#039; fill=&#039;none&#039; stroke=&#039;black&#039; stroke-width=&#039;8&#039; stroke-linecap=&#039;square&#039; stroke-miterlimit=&#039;10&#039;%3E%3Cpath d=&#039;M0,6c6,0,0.9,11.1,6.9,11.1S18,6,24,6&#039;\/%3E%3C\/svg%3E&quot;);\">\n\t\t\t<span class=\"elementor-divider-separator\">\n\t\t\t\t\t\t<\/span>\n\t\t<\/div>\n\t\t\t\t\t\t<\/div>\n\t\t\t\t<\/div>\n\t\t\t\t\t<\/div>\n\t\t<\/div>\n\t\t\t\t\t<\/div>\n\t\t<\/section>\n\t\t\t\t<section class=\"elementor-section elementor-inner-section elementor-element elementor-element-339f4893 elementor-section-boxed elementor-section-height-default elementor-section-height-default\" data-id=\"339f4893\" data-element_type=\"section\">\n\t\t\t\t\t\t<div class=\"elementor-container elementor-column-gap-default\">\n\t\t\t\t\t<div class=\"elementor-column elementor-col-33 elementor-inner-column elementor-element elementor-element-4fe64cdb\" data-id=\"4fe64cdb\" data-element_type=\"column\" data-settings=\"{&quot;background_background&quot;:&quot;classic&quot;}\">\n\t\t\t<div class=\"elementor-widget-wrap elementor-element-populated\">\n\t\t\t\t\t<div class=\"elementor-background-overlay\"><\/div>\n\t\t\t\t\t\t<div class=\"elementor-element elementor-element-3b9e9f25 elementor-widget elementor-widget-image\" data-id=\"3b9e9f25\" data-element_type=\"widget\" data-widget_type=\"image.default\">\n\t\t\t\t<div class=\"elementor-widget-container\">\n\t\t\t\t\t\t\t\t\t\t\t\t\t\t\t\t<a href=\"https:\/\/kalendarze-biznesowe.pl\/wp-content\/uploads\/2022\/10\/kalendarze_ksiazkowe_2023_1.pdf\">\n\t\t\t\t\t\t\t<img fetchpriority=\"high\" decoding=\"async\" width=\"595\" height=\"842\" src=\"https:\/\/kalendarze-biznesowe.pl\/wp-content\/uploads\/2022\/10\/kalendarze_ksiazkowe_2023_podstawowy.jpg\" class=\"attachment-full size-full wp-image-407\" alt=\"\" srcset=\"https:\/\/kalendarze-biznesowe.pl\/wp-content\/uploads\/2022\/10\/kalendarze_ksiazkowe_2023_podstawowy.jpg 595w, https:\/\/kalendarze-biznesowe.pl\/wp-content\/uploads\/2022\/10\/kalendarze_ksiazkowe_2023_podstawowy-212x300.jpg 212w\" sizes=\"(max-width: 595px) 100vw, 595px\" \/>\t\t\t\t\t\t\t\t<\/a>\n\t\t\t\t\t\t\t\t\t\t\t\t\t\t\t<\/div>\n\t\t\t\t<\/div>\n\t\t\t\t<div class=\"elementor-element elementor-element-6f0e3c20 elementor-widget elementor-widget-heading\" data-id=\"6f0e3c20\" data-element_type=\"widget\" data-widget_type=\"heading.default\">\n\t\t\t\t<div class=\"elementor-widget-container\">\n\t\t\t\t\t<h4 class=\"elementor-heading-title elementor-size-default\"><a href=\"https:\/\/kalendarze-biznesowe.pl\/wp-content\/uploads\/2022\/10\/kalendarze_ksiazkowe_2023_1.pdf\">Podstawowy katalog kalendarzy ksi\u0105\u017ckowych 2023<\/a><\/h4>\t\t\t\t<\/div>\n\t\t\t\t<\/div>\n\t\t\t\t<div class=\"elementor-element elementor-element-60f8dee9 elementor-align-center elementor-tablet-align-justify elementor-widget elementor-widget-button\" data-id=\"60f8dee9\" data-element_type=\"widget\" data-widget_type=\"button.default\">\n\t\t\t\t<div class=\"elementor-widget-container\">\n\t\t\t\t\t\t\t\t\t<div class=\"elementor-button-wrapper\">\n\t\t\t\t\t<a class=\"elementor-button elementor-button-link elementor-size-sm elementor-animation-float\" href=\"https:\/\/kalendarze-biznesowe.pl\/wp-content\/uploads\/2022\/10\/kalendarze_ksiazkowe_2023_1.pdf\">\n\t\t\t\t\t\t<span class=\"elementor-button-content-wrapper\">\n\t\t\t\t\t\t<span class=\"elementor-button-icon\">\n\t\t\t\t<i aria-hidden=\"true\" class=\"far fa-file-pdf\"><\/i>\t\t\t<\/span>\n\t\t\t\t\t\t\t\t\t<span class=\"elementor-button-text\">Pobierz <\/span>\n\t\t\t\t\t<\/span>\n\t\t\t\t\t<\/a>\n\t\t\t\t<\/div>\n\t\t\t\t\t\t\t\t<\/div>\n\t\t\t\t<\/div>\n\t\t\t\t\t<\/div>\n\t\t<\/div>\n\t\t\t\t<div class=\"elementor-column elementor-col-33 elementor-inner-column elementor-element elementor-element-1696df90\" data-id=\"1696df90\" data-element_type=\"column\" data-settings=\"{&quot;background_background&quot;:&quot;classic&quot;}\">\n\t\t\t<div class=\"elementor-widget-wrap elementor-element-populated\">\n\t\t\t\t\t<div class=\"elementor-background-overlay\"><\/div>\n\t\t\t\t\t\t<div class=\"elementor-element elementor-element-61b2f63c elementor-widget elementor-widget-image\" data-id=\"61b2f63c\" data-element_type=\"widget\" data-widget_type=\"image.default\">\n\t\t\t\t<div class=\"elementor-widget-container\">\n\t\t\t\t\t\t\t\t\t\t\t\t\t\t\t\t<a href=\"https:\/\/kalendarze-biznesowe.pl\/wp-content\/uploads\/2022\/10\/kalendarze_ksiazkowe_2023_2.pdf\">\n\t\t\t\t\t\t\t<img decoding=\"async\" width=\"595\" height=\"842\" src=\"https:\/\/kalendarze-biznesowe.pl\/wp-content\/uploads\/2022\/10\/kalendarze_ksiazkowe_2023_2-1.jpg\" class=\"attachment-full size-full wp-image-405\" alt=\"Kalendarze Ksi\u0105\u017ckowe\" srcset=\"https:\/\/kalendarze-biznesowe.pl\/wp-content\/uploads\/2022\/10\/kalendarze_ksiazkowe_2023_2-1.jpg 595w, https:\/\/kalendarze-biznesowe.pl\/wp-content\/uploads\/2022\/10\/kalendarze_ksiazkowe_2023_2-1-212x300.jpg 212w\" sizes=\"(max-width: 595px) 100vw, 595px\" \/>\t\t\t\t\t\t\t\t<\/a>\n\t\t\t\t\t\t\t\t\t\t\t\t\t\t\t<\/div>\n\t\t\t\t<\/div>\n\t\t\t\t<div class=\"elementor-element elementor-element-a8d0578 elementor-widget elementor-widget-heading\" data-id=\"a8d0578\" data-element_type=\"widget\" data-widget_type=\"heading.default\">\n\t\t\t\t<div class=\"elementor-widget-container\">\n\t\t\t\t\t<h4 class=\"elementor-heading-title elementor-size-default\"><a href=\"https:\/\/kalendarze-biznesowe.pl\/wp-content\/uploads\/2022\/10\/kalendarze_ksiazkowe_2023_2.pdf\">Uzupe\u0142niaj\u0105cy katalog kalendarzy ksi\u0105\u017ckowych 2023<\/a><\/h4>\t\t\t\t<\/div>\n\t\t\t\t<\/div>\n\t\t\t\t<div class=\"elementor-element elementor-element-2b4724c9 elementor-align-center elementor-tablet-align-justify elementor-widget elementor-widget-button\" data-id=\"2b4724c9\" data-element_type=\"widget\" data-widget_type=\"button.default\">\n\t\t\t\t<div class=\"elementor-widget-container\">\n\t\t\t\t\t\t\t\t\t<div class=\"elementor-button-wrapper\">\n\t\t\t\t\t<a class=\"elementor-button elementor-button-link elementor-size-sm elementor-animation-float\" href=\"https:\/\/kalendarze-biznesowe.pl\/wp-content\/uploads\/2022\/10\/kalendarze_ksiazkowe_2023_2.pdf\">\n\t\t\t\t\t\t<span class=\"elementor-button-content-wrapper\">\n\t\t\t\t\t\t<span class=\"elementor-button-icon\">\n\t\t\t\t<i aria-hidden=\"true\" class=\"far fa-file-pdf\"><\/i>\t\t\t<\/span>\n\t\t\t\t\t\t\t\t\t<span class=\"elementor-button-text\">Pobierz<\/span>\n\t\t\t\t\t<\/span>\n\t\t\t\t\t<\/a>\n\t\t\t\t<\/div>\n\t\t\t\t\t\t\t\t<\/div>\n\t\t\t\t<\/div>\n\t\t\t\t\t<\/div>\n\t\t<\/div>\n\t\t\t\t<div class=\"elementor-column elementor-col-33 elementor-inner-column elementor-element elementor-element-e4265d4\" data-id=\"e4265d4\" data-element_type=\"column\" data-settings=\"{&quot;background_background&quot;:&quot;classic&quot;}\">\n\t\t\t<div class=\"elementor-widget-wrap elementor-element-populated\">\n\t\t\t\t\t<div class=\"elementor-background-overlay\"><\/div>\n\t\t\t\t\t\t<div class=\"elementor-element elementor-element-e350235 elementor-widget elementor-widget-image\" data-id=\"e350235\" data-element_type=\"widget\" data-widget_type=\"image.default\">\n\t\t\t\t<div class=\"elementor-widget-container\">\n\t\t\t\t\t\t\t\t\t\t\t\t\t\t\t\t<a href=\"https:\/\/kalendarze-biznesowe.pl\/wp-content\/uploads\/2022\/10\/kalendarze_ksiazkowe_2023_3.pdf.pdf\">\n\t\t\t\t\t\t\t<img decoding=\"async\" width=\"595\" height=\"842\" src=\"https:\/\/kalendarze-biznesowe.pl\/wp-content\/uploads\/2022\/10\/kalendarze_ksiazkowe_2023_drukarnia-kalendarzy.jpg\" class=\"attachment-full size-full wp-image-406\" alt=\"\" srcset=\"https:\/\/kalendarze-biznesowe.pl\/wp-content\/uploads\/2022\/10\/kalendarze_ksiazkowe_2023_drukarnia-kalendarzy.jpg 595w, https:\/\/kalendarze-biznesowe.pl\/wp-content\/uploads\/2022\/10\/kalendarze_ksiazkowe_2023_drukarnia-kalendarzy-212x300.jpg 212w\" sizes=\"(max-width: 595px) 100vw, 595px\" \/>\t\t\t\t\t\t\t\t<\/a>\n\t\t\t\t\t\t\t\t\t\t\t\t\t\t\t<\/div>\n\t\t\t\t<\/div>\n\t\t\t\t<div class=\"elementor-element elementor-element-e9357d6 elementor-widget elementor-widget-heading\" data-id=\"e9357d6\" data-element_type=\"widget\" data-widget_type=\"heading.default\">\n\t\t\t\t<div class=\"elementor-widget-container\">\n\t\t\t\t\t<h4 class=\"elementor-heading-title elementor-size-default\"><a href=\"https:\/\/kalendarze-biznesowe.pl\/wp-content\/uploads\/2022\/10\/kalendarze_ksiazkowe_2023_3.pdf.pdf\">Katalog gotowych kalendarzy ksi\u0105\u017ckowych, oraz \u015bciennych 2023 (+18)<\/a><\/h4>\t\t\t\t<\/div>\n\t\t\t\t<\/div>\n\t\t\t\t<div class=\"elementor-element elementor-element-98352ac elementor-align-center elementor-tablet-align-justify elementor-widget elementor-widget-button\" data-id=\"98352ac\" data-element_type=\"widget\" data-widget_type=\"button.default\">\n\t\t\t\t<div class=\"elementor-widget-container\">\n\t\t\t\t\t\t\t\t\t<div class=\"elementor-button-wrapper\">\n\t\t\t\t\t<a class=\"elementor-button elementor-button-link elementor-size-sm elementor-animation-float\" href=\"https:\/\/kalendarze-biznesowe.pl\/wp-content\/uploads\/2022\/10\/kalendarze_ksiazkowe_2023_3.pdf.pdf\">\n\t\t\t\t\t\t<span class=\"elementor-button-content-wrapper\">\n\t\t\t\t\t\t<span class=\"elementor-button-icon\">\n\t\t\t\t<i aria-hidden=\"true\" class=\"far fa-file-pdf\"><\/i>\t\t\t<\/span>\n\t\t\t\t\t\t\t\t\t<span class=\"elementor-button-text\">Pobierz<\/span>\n\t\t\t\t\t<\/span>\n\t\t\t\t\t<\/a>\n\t\t\t\t<\/div>\n\t\t\t\t\t\t\t\t<\/div>\n\t\t\t\t<\/div>\n\t\t\t\t\t<\/div>\n\t\t<\/div>\n\t\t\t\t\t<\/div>\n\t\t<\/section>\n\t\t\t\t<\/div>\n\t\t","protected":false},"excerpt":{"rendered":"<p>Kalendarze &amp; katalogi z naszej ofery Podstawowy katalog kalendarzy ksi\u0105\u017ckowych 2023 Pobierz Uzupe\u0142niaj\u0105cy katalog kalendarzy ksi\u0105\u017ckowych 2023 Pobierz Katalog gotowych kalendarzy ksi\u0105\u017ckowych, oraz \u015bciennych 2023 (+18) Pobierz<\/p>\n","protected":false},"author":1,"featured_media":246,"parent":0,"menu_order":0,"comment_status":"closed","ping_status":"closed","template":"","meta":{"footnotes":""},"class_list":["post-395","page","type-page","status-publish","has-post-thumbnail","hentry"],"yoast_head":"<!-- This site is optimized with the Yoast SEO plugin v26.1.1 - https:\/\/yoast.com\/wordpress\/plugins\/seo\/ -->\n<title>Kalendarze ksi\u0105\u017ckowe - Drukarnia Kalendarzy dla Firm \u27a1\ufe0f 2026 Najlepsza Oferta i Jako\u015b\u0107!<\/title>\n<meta name=\"robots\" content=\"index, follow, max-snippet:-1, max-image-preview:large, max-video-preview:-1\" \/>\n<link rel=\"canonical\" href=\"https:\/\/kalendarze-biznesowe.pl\/?page_id=395\" \/>\n<meta property=\"og:locale\" content=\"pl_PL\" \/>\n<meta property=\"og:type\" content=\"article\" \/>\n<meta property=\"og:title\" content=\"Kalendarze ksi\u0105\u017ckowe - Drukarnia Kalendarzy dla Firm \u27a1\ufe0f 2026 Najlepsza Oferta i Jako\u015b\u0107!\" \/>\n<meta property=\"og:description\" content=\"Kalendarze &amp; katalogi z naszej ofery Podstawowy katalog kalendarzy ksi\u0105\u017ckowych 2023 Pobierz Uzupe\u0142niaj\u0105cy katalog kalendarzy ksi\u0105\u017ckowych 2023 Pobierz Katalog gotowych kalendarzy ksi\u0105\u017ckowych, oraz \u015bciennych 2023 (+18) Pobierz\" \/>\n<meta property=\"og:url\" content=\"https:\/\/kalendarze-biznesowe.pl\/?page_id=395\" \/>\n<meta property=\"og:site_name\" content=\"Drukarnia Kalendarzy dla Firm \u27a1\ufe0f 2026 Najlepsza Oferta i Jako\u015b\u0107!\" \/>\n<meta property=\"article:publisher\" content=\"https:\/\/www.facebook.com\/ProkoderStudio\" \/>\n<meta property=\"article:modified_time\" content=\"2022-10-19T15:37:36+00:00\" \/>\n<meta property=\"og:image\" content=\"https:\/\/kalendarze-biznesowe.pl\/wp-content\/uploads\/2022\/10\/kalendarze-firmowe-ksiazkowe.png\" \/>\n\t<meta property=\"og:image:width\" content=\"524\" \/>\n\t<meta property=\"og:image:height\" content=\"427\" \/>\n\t<meta property=\"og:image:type\" content=\"image\/png\" \/>\n<meta name=\"twitter:card\" content=\"summary_large_image\" \/>\n<script type=\"application\/ld+json\" class=\"yoast-schema-graph\">{\"@context\":\"https:\/\/schema.org\",\"@graph\":[{\"@type\":\"WebPage\",\"@id\":\"https:\/\/kalendarze-biznesowe.pl\/?page_id=395\",\"url\":\"https:\/\/kalendarze-biznesowe.pl\/?page_id=395\",\"name\":\"Kalendarze ksi\u0105\u017ckowe - Drukarnia Kalendarzy dla Firm \u27a1\ufe0f 2026 Najlepsza Oferta i Jako\u015b\u0107!\",\"isPartOf\":{\"@id\":\"https:\/\/kalendarze-biznesowe.pl\/#website\"},\"primaryImageOfPage\":{\"@id\":\"https:\/\/kalendarze-biznesowe.pl\/?page_id=395#primaryimage\"},\"image\":{\"@id\":\"https:\/\/kalendarze-biznesowe.pl\/?page_id=395#primaryimage\"},\"thumbnailUrl\":\"https:\/\/kalendarze-biznesowe.pl\/wp-content\/uploads\/2022\/10\/kalendarze-firmowe-ksiazkowe.png\",\"datePublished\":\"2022-10-19T10:05:48+00:00\",\"dateModified\":\"2022-10-19T15:37:36+00:00\",\"breadcrumb\":{\"@id\":\"https:\/\/kalendarze-biznesowe.pl\/?page_id=395#breadcrumb\"},\"inLanguage\":\"pl-PL\",\"potentialAction\":[{\"@type\":\"ReadAction\",\"target\":[\"https:\/\/kalendarze-biznesowe.pl\/?page_id=395\"]}]},{\"@type\":\"ImageObject\",\"inLanguage\":\"pl-PL\",\"@id\":\"https:\/\/kalendarze-biznesowe.pl\/?page_id=395#primaryimage\",\"url\":\"https:\/\/kalendarze-biznesowe.pl\/wp-content\/uploads\/2022\/10\/kalendarze-firmowe-ksiazkowe.png\",\"contentUrl\":\"https:\/\/kalendarze-biznesowe.pl\/wp-content\/uploads\/2022\/10\/kalendarze-firmowe-ksiazkowe.png\",\"width\":524,\"height\":427},{\"@type\":\"BreadcrumbList\",\"@id\":\"https:\/\/kalendarze-biznesowe.pl\/?page_id=395#breadcrumb\",\"itemListElement\":[{\"@type\":\"ListItem\",\"position\":1,\"name\":\"Strona g\u0142\u00f3wna\",\"item\":\"https:\/\/kalendarze-biznesowe.pl\/\"},{\"@type\":\"ListItem\",\"position\":2,\"name\":\"Kalendarze ksi\u0105\u017ckowe\"}]},{\"@type\":\"WebSite\",\"@id\":\"https:\/\/kalendarze-biznesowe.pl\/#website\",\"url\":\"https:\/\/kalendarze-biznesowe.pl\/\",\"name\":\"Drukarnia Kalendarzy dla Firm \u27a1\ufe0f 2026 Najlepsza Oferta i Jako\u015b\u0107!\",\"description\":\"Drukujemy kalendarze reklamowe dla firm. Stw\u00f3rz z nami praktyczny i elegancki kalendarz biznesowy. Oferujemy kalendarze reklamowe na rok 2026. Najwi\u0119ksza oferta na kalendarze!\",\"publisher\":{\"@id\":\"https:\/\/kalendarze-biznesowe.pl\/#organization\"},\"potentialAction\":[{\"@type\":\"SearchAction\",\"target\":{\"@type\":\"EntryPoint\",\"urlTemplate\":\"https:\/\/kalendarze-biznesowe.pl\/?s={search_term_string}\"},\"query-input\":{\"@type\":\"PropertyValueSpecification\",\"valueRequired\":true,\"valueName\":\"search_term_string\"}}],\"inLanguage\":\"pl-PL\"},{\"@type\":\"Organization\",\"@id\":\"https:\/\/kalendarze-biznesowe.pl\/#organization\",\"name\":\"Drukarnia Kalendarzy dla Firm \u27a1\ufe0f 2026 Najlepsza Oferta i Jako\u015b\u0107!\",\"url\":\"https:\/\/kalendarze-biznesowe.pl\/\",\"logo\":{\"@type\":\"ImageObject\",\"inLanguage\":\"pl-PL\",\"@id\":\"https:\/\/kalendarze-biznesowe.pl\/#\/schema\/logo\/image\/\",\"url\":\"https:\/\/kalendarze-biznesowe.pl\/wp-content\/uploads\/2022\/10\/Logo-Prokoder-Studio.png\",\"contentUrl\":\"https:\/\/kalendarze-biznesowe.pl\/wp-content\/uploads\/2022\/10\/Logo-Prokoder-Studio.png\",\"width\":928,\"height\":285,\"caption\":\"Drukarnia Kalendarzy dla Firm \u27a1\ufe0f 2026 Najlepsza Oferta i Jako\u015b\u0107!\"},\"image\":{\"@id\":\"https:\/\/kalendarze-biznesowe.pl\/#\/schema\/logo\/image\/\"},\"sameAs\":[\"https:\/\/www.facebook.com\/ProkoderStudio\"]}]}<\/script>\n<!-- \/ Yoast SEO plugin. -->","yoast_head_json":{"title":"Kalendarze ksi\u0105\u017ckowe - Drukarnia Kalendarzy dla Firm \u27a1\ufe0f 2026 Najlepsza Oferta i Jako\u015b\u0107!","robots":{"index":"index","follow":"follow","max-snippet":"max-snippet:-1","max-image-preview":"max-image-preview:large","max-video-preview":"max-video-preview:-1"},"canonical":"https:\/\/kalendarze-biznesowe.pl\/?page_id=395","og_locale":"pl_PL","og_type":"article","og_title":"Kalendarze ksi\u0105\u017ckowe - Drukarnia Kalendarzy dla Firm \u27a1\ufe0f 2026 Najlepsza Oferta i Jako\u015b\u0107!","og_description":"Kalendarze &amp; katalogi z naszej ofery Podstawowy katalog kalendarzy ksi\u0105\u017ckowych 2023 Pobierz Uzupe\u0142niaj\u0105cy katalog kalendarzy ksi\u0105\u017ckowych 2023 Pobierz Katalog gotowych kalendarzy ksi\u0105\u017ckowych, oraz \u015bciennych 2023 (+18) Pobierz","og_url":"https:\/\/kalendarze-biznesowe.pl\/?page_id=395","og_site_name":"Drukarnia Kalendarzy dla Firm \u27a1\ufe0f 2026 Najlepsza Oferta i Jako\u015b\u0107!","article_publisher":"https:\/\/www.facebook.com\/ProkoderStudio","article_modified_time":"2022-10-19T15:37:36+00:00","og_image":[{"width":524,"height":427,"url":"https:\/\/kalendarze-biznesowe.pl\/wp-content\/uploads\/2022\/10\/kalendarze-firmowe-ksiazkowe.png","type":"image\/png"}],"twitter_card":"summary_large_image","schema":{"@context":"https:\/\/schema.org","@graph":[{"@type":"WebPage","@id":"https:\/\/kalendarze-biznesowe.pl\/?page_id=395","url":"https:\/\/kalendarze-biznesowe.pl\/?page_id=395","name":"Kalendarze ksi\u0105\u017ckowe - Drukarnia Kalendarzy dla Firm \u27a1\ufe0f 2026 Najlepsza Oferta i Jako\u015b\u0107!","isPartOf":{"@id":"https:\/\/kalendarze-biznesowe.pl\/#website"},"primaryImageOfPage":{"@id":"https:\/\/kalendarze-biznesowe.pl\/?page_id=395#primaryimage"},"image":{"@id":"https:\/\/kalendarze-biznesowe.pl\/?page_id=395#primaryimage"},"thumbnailUrl":"https:\/\/kalendarze-biznesowe.pl\/wp-content\/uploads\/2022\/10\/kalendarze-firmowe-ksiazkowe.png","datePublished":"2022-10-19T10:05:48+00:00","dateModified":"2022-10-19T15:37:36+00:00","breadcrumb":{"@id":"https:\/\/kalendarze-biznesowe.pl\/?page_id=395#breadcrumb"},"inLanguage":"pl-PL","potentialAction":[{"@type":"ReadAction","target":["https:\/\/kalendarze-biznesowe.pl\/?page_id=395"]}]},{"@type":"ImageObject","inLanguage":"pl-PL","@id":"https:\/\/kalendarze-biznesowe.pl\/?page_id=395#primaryimage","url":"https:\/\/kalendarze-biznesowe.pl\/wp-content\/uploads\/2022\/10\/kalendarze-firmowe-ksiazkowe.png","contentUrl":"https:\/\/kalendarze-biznesowe.pl\/wp-content\/uploads\/2022\/10\/kalendarze-firmowe-ksiazkowe.png","width":524,"height":427},{"@type":"BreadcrumbList","@id":"https:\/\/kalendarze-biznesowe.pl\/?page_id=395#breadcrumb","itemListElement":[{"@type":"ListItem","position":1,"name":"Strona g\u0142\u00f3wna","item":"https:\/\/kalendarze-biznesowe.pl\/"},{"@type":"ListItem","position":2,"name":"Kalendarze ksi\u0105\u017ckowe"}]},{"@type":"WebSite","@id":"https:\/\/kalendarze-biznesowe.pl\/#website","url":"https:\/\/kalendarze-biznesowe.pl\/","name":"Drukarnia Kalendarzy dla Firm \u27a1\ufe0f 2026 Najlepsza Oferta i Jako\u015b\u0107!","description":"Drukujemy kalendarze reklamowe dla firm. Stw\u00f3rz z nami praktyczny i elegancki kalendarz biznesowy. Oferujemy kalendarze reklamowe na rok 2026. Najwi\u0119ksza oferta na kalendarze!","publisher":{"@id":"https:\/\/kalendarze-biznesowe.pl\/#organization"},"potentialAction":[{"@type":"SearchAction","target":{"@type":"EntryPoint","urlTemplate":"https:\/\/kalendarze-biznesowe.pl\/?s={search_term_string}"},"query-input":{"@type":"PropertyValueSpecification","valueRequired":true,"valueName":"search_term_string"}}],"inLanguage":"pl-PL"},{"@type":"Organization","@id":"https:\/\/kalendarze-biznesowe.pl\/#organization","name":"Drukarnia Kalendarzy dla Firm \u27a1\ufe0f 2026 Najlepsza Oferta i Jako\u015b\u0107!","url":"https:\/\/kalendarze-biznesowe.pl\/","logo":{"@type":"ImageObject","inLanguage":"pl-PL","@id":"https:\/\/kalendarze-biznesowe.pl\/#\/schema\/logo\/image\/","url":"https:\/\/kalendarze-biznesowe.pl\/wp-content\/uploads\/2022\/10\/Logo-Prokoder-Studio.png","contentUrl":"https:\/\/kalendarze-biznesowe.pl\/wp-content\/uploads\/2022\/10\/Logo-Prokoder-Studio.png","width":928,"height":285,"caption":"Drukarnia Kalendarzy dla Firm \u27a1\ufe0f 2026 Najlepsza Oferta i Jako\u015b\u0107!"},"image":{"@id":"https:\/\/kalendarze-biznesowe.pl\/#\/schema\/logo\/image\/"},"sameAs":["https:\/\/www.facebook.com\/ProkoderStudio"]}]}},"_links":{"self":[{"href":"https:\/\/kalendarze-biznesowe.pl\/index.php?rest_route=\/wp\/v2\/pages\/395","targetHints":{"allow":["GET"]}}],"collection":[{"href":"https:\/\/kalendarze-biznesowe.pl\/index.php?rest_route=\/wp\/v2\/pages"}],"about":[{"href":"https:\/\/kalendarze-biznesowe.pl\/index.php?rest_route=\/wp\/v2\/types\/page"}],"author":[{"embeddable":true,"href":"https:\/\/kalendarze-biznesowe.pl\/index.php?rest_route=\/wp\/v2\/users\/1"}],"replies":[{"embeddable":true,"href":"https:\/\/kalendarze-biznesowe.pl\/index.php?rest_route=%2Fwp%2Fv2%2Fcomments&post=395"}],"version-history":[{"count":0,"href":"https:\/\/kalendarze-biznesowe.pl\/index.php?rest_route=\/wp\/v2\/pages\/395\/revisions"}],"wp:featuredmedia":[{"embeddable":true,"href":"https:\/\/kalendarze-biznesowe.pl\/index.php?rest_route=\/wp\/v2\/media\/246"}],"wp:attachment":[{"href":"https:\/\/kalendarze-biznesowe.pl\/index.php?rest_route=%2Fwp%2Fv2%2Fmedia&parent=395"}],"curies":[{"name":"wp","href":"https:\/\/api.w.org\/{rel}","templated":true}]}}